 thousands digit of 28455079?
5
What is the millions digit of 1857050819?
7
What is the hundreds digit of 3321747308?
3
What is the tens digit of 134397465?
6
What is the ten millions digit of 25506160?
2
What is the ten millions digit of 2605542672?
0
What is the ten millions digit of 298511485?
9
What is the hundred thousands digit of 43664081?
6
What is the units digit of 5198764260?
0
What is the millions digit of 6024047918?
4
What is the hundred thousands digit of 165768412?
7
What is the hundreds digit of 595104621?
6
What is the millions digit of 54025819?
4
What is the thousands digit of 170561368?
1
What is the thousands digit of 2249382600?
2
What is the units digit of 649843934?
4
What is the thousands digit of 549885856?
5
What is the tens digit of 1535265916?
1
What is the billions digit of 2100092133?
2
What is the millions digit of 2805256549?
5
What is the billions digit of 1315848000?
1
What is the thousands digit of 935012760?
2
What is the tens digit of 53861888?
8
What is the hundred millions digit of 705949948?
7
What is the thousands digit of 3179365568?
5
What is the thousands digit of 2127350543?
0
What is the hundred thousands digit of 130323253?
3
What is the tens digit of 6623212?
1
What is the hundred thousands digit of 106740782?
7
What is the thousands digit of 2359143?
9
What is the hundred millions digit of 632744269?
6
What is the ten thousands digit of 147887325?
8
What is the ten thousands digit of 98273983?
7
What is the thousands digit of 615590101?
0
What is the ten thousands digit of 142758652?
5
What is the hundreds digit of 21998514?
5
What is the ten thousands digit of 218391924?
9
What is the millions digit of 1233447200?
3
What is the millions digit of 5505380250?
5
What is the thousands digit of 48764354?
4
What is the thousands digit of 57364352?
4
What is the tens digit of 1190771520?
2
What is the ten thousands digit of 27690848?
9
What is the tens digit of 390303425?
2
What is the ten thousands digit of 477829893?
2
What is the thousands digit of 41956271?
6
What is the hundred thousands digit of 40751274?
7
What is the ten thousands digit of 1586153848?
5
What is the hundred millions digit of 391720458?
3
What is the hundred thousands digit of 158223257?
2
What is the ten millions digit of 1656217039?
5
What is the ten thousands digit of 55575192?
7
What is the hundred millions digit of 3699223428?
6
What is the thousands digit of 1247077447?
7
What is the hundreds digit of 1148663891?
8
What is the ten thousands digit of 823890674?
9
What is the ten millions digit of 146153197?
4
What is the tens digit of 256348937?
3
What is the millions digit of 54667737?
4
What is the millions digit of 800654300?
0
What is the hundred thousands digit of 253598251?
5
What is the millions digit of 34164720?
4
What is the hundred millions digit of 792015850?
7
What is the hundred millions digit of 1739309021?
7
What is the hundreds digit of 300853696?
6
What is the millions digit of 55495733?
5
What is the millions digit of 1801864477?
1
What is the hundred thousands digit of 47796350?
7
What is the millions digit of 158116157?
8
What is the ten thousands digit of 91754299?
5
What is the hundred thousands digit of 358197469?
1
What is the billions digit of 3092536117?
3
What is the hundred thousands digit of 8570439?
5
What is the hundreds digit of 47294407?
4
What is the ten thousands digit of 55776526?
7
What is the ten millions digit of 33294627?
3
What is the ten thousands digit of 904533763?
3
What is the hundreds digit of 3734405580?
5
What is the ten thousands digit of 487730660?
3
What is the ten millions digit of 28912419?
2
What is the ten millions digit of 105193224?
0
What is the tens digit of 832866682?
8
What is the thousands digit of 42985137?
5
What is the ten thousands digit of 40439176?
3
What is the thousands digit of 167061816?
1
What is the hundred millions digit of 614880125?
6
What is the thousands digit of 28504821?
4
What is the thousands digit of 4290510047?
0
What is the millions digit of 691668975?
1
What is the ten millions digit of 52850231?
5
What is the thousands digit of 5448479537?
9
What is the units digit of 8025074?
4
What is the hundred millions digit of 273390098?
2
What is the millions digit of 9855920?
9
What is the hundreds digit of 52159553?
5
What is the hundreds digit of 30147183?
1
What is the hundreds digit of 281575829?
8
What is the millions digit of 329020206?
9
What is the hundreds digit of 59113999?
9
What is the tens digit of 20509982?
8
What is the ten millions digit of 43832922?
4
What is the hundred thousands digit of 49205033?
2
What is the hundred millions digit of 1272065644?
2
What is the tens digit of 203615944?
4
What is the hundreds digit of 85901381?
3
What is the hundred thousands digit of 6266274?
2
What is the tens digit of 448530462?
6
What is the millions digit of 457126282?
7
What is the ten thousands digit of 901080808?
8
What is the tens digit of 2991100101?
0
What is the ten millions digit of 59000984?
5
What is the ten millions digit of 49628368?
4
What is the hundreds digit of 1103818771?
7
What is the hundreds digit of 1665530694?
6
What is the ten thousands digit of 221468103?
6
What is the hundred millions digit of 222407549?
2
What is the hundred thousands digit of 281328695?
3
What is the hundreds digit of 4322423617?
6
What is the hundred thousands digit of 32150060?
1
What is the units digit of 59515106?
6
What is the hundred thousands digit of 5229892608?
8
What is the billions digit of 3412548092?
3
What is the hundreds digit of 1656313773?
7
What is the ten thousands digit of 189380259?
8
What is the millions digit of 25390003?
5
What is the hundreds digit of 1895554075?
0
What is the units digit of 2311779615?
5
What is the ten millions digit of 127129747?
2
What is the thousands digit of 182243500?
3
What is the hundreds digit of 34873475?
4
What is the hundred millions digit of 116309998?
1
What is the ten thousands digit of 224244100?
4
What is the hundred thousands digit of 55980422?
9
What is the units digit of 844392291?
1
What is the units digit of 8001263?
3
What is the millions digit of 68922961?
8
What is the hundreds digit of 81731062?
0
What is the ten thousands digit of 285255597?
5
What is the thousands digit of 65616469?
6
What is the ten millions digit of 2275841849?
7
What is the units digit of 388176122?
2
What is the millions digit of 285976030?
5
What is the hundreds digit of 2604477489?
4
What is the millions digit of 7872852609?
2
What is the tens digit of 1514128903?
0
What is the hundreds digit of 1374439?
4
What is the ten millions digit of 598949632?
9
What is the hundred millions digit of 767998910?
7
What is the tens digit of 32509386?
8
What is the units digit of 44792226?
6
What is the units digit of 15071265?
5
What is the hundreds digit of 604281633?
6
What is the tens digit of 924627044?
4
What is the hundred thousands digit of 724897709?
8
What is the millions digit of 2403290542?
3
What is the hundred thousands digit of 1370369556?
3
What is the units digit of 1298163069?
9
What is the hundred thousands digit of 233939966?
9
What is the millions digit of 30338239?
0
What is the tens digit of 2186722373?
7
What is the hundred thousands digit of 54070272?
0
What is the thousands digit of 3119909973?
9
What is the hundred millions digit of 167671164?
1
What is the tens digit of 197955584?
8
What is the ten millions digit of 1763739126?
6
What is the ten thousands digit of 889629011?
2
What is the tens digit of 757847878?
7
What is the ten millions digit of 23012645?
2
What is the ten millions digit of 1177769140?
7
What is the hundreds digit of 535324762?
7
What is the ten thousands digit of 6475457530?
5
What is the millions digit of 338948168?
8
What is the units digit of 392311883?
3
What is the units digit of 71702278?
8
What is the units digit of 98076561?
1
What is the hundred thousands digit of 13558735?
5
What is the hundred thousands digit of 913607711?
6
What is the hundred thousands digit of 538739993?
7
What is the thousands digit of 1509399447?
9
What is the tens digit of 576584112?
1
What is the thousands digit of 12571217?
1
What is the units digit of 103925525?
5
What is t